et p(g) = 28*g**2 + 2*g - 12. Let u be p(-6). Let v(b) = -5*b + 61. Let l be v(11). Suppose 0 = 2*q + l*q - u. What are the prime factors of q?
3, 41
Let z(m) = 5 + 14*m - 4 + 2 + 20*m**2. Let c(p) = -40*p**2 - 29*p - 6. Let g(l) = 4*c(l) + 9*z(l). List the prime factors of g(-3).
3, 17
Let i = -41 - -9617. Suppose -i = -192*v + 185*v. What are the prime factors of v?
2, 3, 19
Let z = -9 - -13. Suppose -5*c = b - 1450, -z*b + 9*b = -c + 290. Suppose 18*y = 13*y + c. List the prime factors of y.
2, 29
Let y = -32 + 30. Let j be (8/(-6))/(340/168 + y). Let k = -50 - j. List the prime factors of k.
2, 3
Let i(y) = y**2 + 7*y + 4. Let z be i(-7). Suppose -z*p + 3*p + 86 = j, -5*j - 4*p = -430. Suppose -3*n = -j - 181. What are the prime factors of n?
89
Let t(s) be the second derivative of -s**5/20 - s**4/6 - 5*s**3/3 + 5*s**2 - 4*s. Let r = 733 + -739. List the prime factors of t(r).
2, 107
Let i = -19949 + 32823. What are the prime factors of i?
2, 41, 157
Let z be 5/(246/36 - 6). Let k(w) = 56*w - 112. List the prime factors of k(z).
2, 7
Let t(p) = p**2 + 18*p + 22. Let u be t(-16). Let s = -4 - u. What are the prime factors of (s + -8)*15/(-6)?
5
Suppose -2 = -45*j + 43*j. List the prime factors of (-27 + j)*(-28)/112*58.
13, 29
Let f(a) = -a**3 + 8*a**2 + 14*a - 13. Let y(l) = l**3 + 7*l**2 - 11*l - 15. Let r be y(-8). Let u be f(r). Let t = 22 + u. What are the prime factors of t?
2, 3
Suppose 2*k - 2899 - 2337 = 0. Suppose -6*s = -910 - k. What are the prime factors of s?
2, 3, 7
Suppose -3*w - 8*l = 165, -175 = 3*w + l + 11. Suppose 2*p = 2 + 386. Let i = p + w. List the prime factors of i.
131
List the prime factors of (5 - -6 - -7)/(5/370).
2, 3, 37
Let c(f) = 48*f - 34. Let n be c(4). Let u = 30 + 7. Let l = n + u. List the prime factors of l.
3, 5, 13
Suppose 2*p = 5 + 5. Let f(x) = 4*x + 582. Let y be f(-40). Suppose y = p*v + u, v - 14 = 3*u + 64. List the prime factors of v.
2, 3, 7
Let j be 2/((-2)/(2 - -2)). Suppose 12*z = 10*z + 3*v - 1235, -4*v = 2*z + 1270. List the prime factors of z/j + (-4)/((-32)/6).
157
Suppose -3*f - r = -6*r + 37, 3*f - 3*r = -27. List the prime factors of (-42)/f*7104/144.
2, 7, 37
List the prime factors of 1820/40*1*28.
2, 7, 13
Suppose 18*m + 852 = 21*m. What are the prime factors of m?
2, 71
Let s = -73 - -74. Let r be ((-2)/s)/(2/13). Let h(q) = q**3 + 14*q**2 + 9*q + 9. List the prime factors of h(r).
61
Let g(q) = 248*q**3 + q**2 - 135*q + 833. List the prime factors of g(7).
7, 12143
Let h(b) = -b**3 + 7*b**2 + 19*b - 8. Let f be h(9). Let x = 0 + 5. What are the prime factors of (f - x) + (201 - 0)?
197
Let k be (35/7)/(-5) + 13. Suppose -3*g - 4*a + 2566 = 0, -8*g - a = -k*g + 3415. List the prime factors of g.
2, 7, 61
Suppose -5*s - 5*w = 0, -s + 3*s = -5*w - 3. Let z(o) = -5*o + 507*o**3 + 2 + o**2 + 3*o - 383*o**3. List the prime factors of z(s).
5
Let s = -12611 + 18341. What are the prime factors of s?
2, 3, 5, 191
What are the prime factors of (-4 - -6 - 3) + (-1 - 52407/(-3))?
17467
Suppose 2*b - 6*b - 4*b = -45136. What are the prime factors of b?
2, 7, 13, 31
Suppose 0 = -3*z + 4*j - 11, 5*z = 4*z + 4*j - 17. Suppose 0 = 3*x - 15, -3*u + 0*u + 198 = -z*x. Let a = u + 37. What are the prime factors of a?
2, 3
Let g(x) = x**2 - 8*x - 13. Let n be g(9). Let c be (-180)/(-25)*(-10)/n. Suppose -4*i + 158 = -c. What are the prime factors of i?
2, 11
Let r(g) = g**3 + 39*g**2 - 59*g - 166. What are the prime factors of r(-23)?
5, 1931
Let g(w) = -w**3 + 14*w**2 + 71*w + 15. Let p be g(18). Let l(y) = 11*y**2 + 12*y + 5. List the prime factors of l(p).
2, 17
Let k(q) = 2*q**2 - 3*q - 5. Let l be k(-2). Suppose -14*h + l*h + 15 = 0. Suppose a - 72 = h*f - 0*f, 4 = 2*f. What are the prime factors of a?
2, 3, 13
Suppose 111442 = 44*q - 121582. List the prime factors of q.
2, 331
What are the prime factors of -5 + (-13)/((-130)/14700) - -6?
1471
Let l be -19*5/(-30)*62*3. Let i = l - -125. List the prime factors of i.
2, 3, 7, 17
Let a(z) = 21 - 4*z + 6*z - 5*z + 0*z. Let g be a(0). List the prime factors of (-210)/(-4) - g/42.
2, 13
Let s(w) = 4*w**2 - 67*w + 54. Let y be s(16). Let b(x) = 323*x - 230. List the prime factors of b(y).
2, 7, 61
Suppose -4*c = 5*h + 20, 0*h - 2*c - 10 = 2*h. Suppose h = 3*m + 2*m - 370. Let d = 93 + m. List the prime factors of d.
167
Let x(u) = u**2 - 17*u + 135. Let f be x(10). Suppose -4*n - 60*b + 5061 = -f*b, 5*n = 3*b + 6310. List the prime factors of n.
1259
Suppose 11*l - 69514 - 12029 = 0. What are the prime factors of l?
3, 7, 353
Suppose 0 = 2*a - 731 - 343. Suppose a - 90 = 3*m. Suppose -l - 29 = -v, 5*v + 0*v - 3*l - m = 0. List the prime factors of v.
31
List the prime factors of 70 + 20871 - (10/25 + 126/(-15)).
3, 6983
Let v(k) = 25*k**2 + 25*k - 596. What are the prime factors of v(-22)?
2, 5477
Let d = 5314 - 3801. What are the prime factors of d?
17, 89
Suppose 27*m - 652576 = 689027. List the prime factors of m.
3, 5521
Let j(u) = 13*u - 33*u + 20 + 256 - 12*u - 24*u. List the prime factors of j(-20).
2, 349
Suppose -5*z = -58*r + 60*r - 47453, 3*z - 94899 = -4*r. List the prime factors of r.
2, 3, 659
Let v be ((-5)/15)/(22826/(-7608) + 3). Suppose -s = -v + 253. Suppose 7*h + s = 12*h. What are the prime factors of h?
7, 29
Let u = -22323 - -40997. List the prime factors of u.
2, 9337
Let t = -64 - -63. Let u be t*9*(-70)/42. Suppose k = -u + 106. List the prime factors of k.
7, 13
Suppose 7*l + 3626 = 8*l - 2453. List the prime factors of l.
6079
Let x(g) = -5*g**2 - 10*g + 1. Let v(s) = 4*s**2 + 9*s - 1. Let h(w) = -4*v(w) - 3*x(w). Let y be h(-6). Let z = 69 + y. What are the prime factors of z?
2, 5, 7
Let i(x) = 3*x + 31. Suppose 3*b + 3*c + 3 = 0, 8*c - 4*c + 36 = 4*b. List the prime factors of i(b).
43
Suppose 34*d + 6*d + 7*d - 1490370 = 0. What are the prime factors of d?
2, 3, 5, 7, 151
Suppose 2*y = 23 - 97. Let d = -35 - y. What are the prime factors of ((-3196)/119)/(d/(-7))?
2, 47
Let k = -828 - -1473. List the prime factors of k.
3, 5, 43
Suppose -4*r + 1606 = 3*p, 8*r = 5*p + 3*r - 2700. Suppose 1286 = 4*m - p. What are the prime factors of m?
2, 3, 19
Let i be (100 - 84)*(3/2 - 1). Let n be i - 6*5/10. Let s(t) = 12*t + 12. What are the prime factors of s(n)?
2, 3
Let k(t) = -t**2 + 5*t + 21. Let d = -91 - -98. Let u be k(d). What are the prime factors of 322/u + 1 + 3?
2, 5
Let p(l) be the second derivative of -l**5/5 - l**4/3 - 3*l**3/2 + 5*l**2/2 - l + 4. List the prime factors of p(-4).
233
Let k(o) = -264*o + 523. What are the prime factors of k(-3)?
5, 263
Suppose -2 = -2*l, p + l + 2 = 2*l. Let g = -3571 - -3571. What are the prime factors of 13 - g - (p - -6)?
2
Suppose 3*z - 78 = 6. Suppose z*p + 975 = 29*p. What are the prime factors of p?
3, 5, 13
Let k(d) = 78*d**2 + 156*d - 2807. List the prime factors of k(21).
7, 17, 293
Suppose -22*l - 22845 = -37*l + 105450. List the prime factors of l.
3, 2851
Let g(h) = h - 16. Let z be g(16). Suppose 2*u + 2 = -2*q, -2*q - 3*q - 15 = z. Suppose -d = -u*d + 27. List the prime factors of d.
3
List the prime factors of -27 + 14 + 1161 + -12.
2, 71
Let x(v) = v**3 - 5*v**2 + 7*v - 3. Let r = -183 - -191. List the prime factors of x(r).
5, 7
Suppose 0 = -3*h + 2*o + 107215, 162*h - 159*h = -5*o + 107201. List the prime factors of h.
13, 2749
Suppose -159 = 4*p - 2*m + 149, -213 = 3*p + 3*m. What are the prime factors of p/(-8 + 7) - (2 + 0)?
73
Let q = 94 - 45. Let w = q - 47. Suppose -5*f = -x - 402, 2*f + w*f - 310 = -5*x. What are the prime factors of f?
2, 5
Let w = -12 - -17. Suppose -w*i - 4*s = s - 45, -5 = -5*i + 3*s. Suppose -i*o + 609 = -2*g - 51, 3*o + g = 490. List the prime factors of o.
2, 41
What are the prime factors of (-16335 - 45)*(15/(-36) - (-2)/(-8))?
2, 3, 5, 7, 13
Let o = 23452 - 15480. List the prime factors of o.
2, 1993
Let q(g) = 10*g + 2*g + 5*g**2 - 25 - 8*g. Let r be q(-15). Suppose -5*n = 5*z - r, -n = -2*n + 5*z + 214. List the prime factors of n.
11, 19
Let k(a) = 610*a**2 + 21*a - 228. What are the prime factors of k(11)?
223, 331
Suppose l = -2*g + 25, 16*g = 11*g + l + 80. Let a(u) = -6*u - 3. Let w(s) = s. Let k(z) = -a(z) - 5*w(z). What are the prime factors of k(g)?
2, 3
Let z = 493 - 493. What are the prime factors of (z - -59)*531/